*i**2 - i - 2. Let f be ((-6)/4)/((-12)/48). Suppose 6 + 6 = -f*n. What is the tens digit of q(n)?
5
Let n = 58 - 47. Suppose -354 = -n*h + 1307. What is the hundreds digit of h?
1
Suppose 12 = -4*p + 4*r - 16, p + 3*r + 11 = 0. Let t = -7 + 5. What is the tens digit of (t/(-3))/(p/(-420))?
3
Let u(g) = -g**2 + 4*g - 4. Suppose 0 = 2*t + 4*b - 20, 2*t + 2*b = 10 + 6. Let w be u(t). Let l(i) = i**2 + 14*i. What is the units digit of l(w)?
2
Let y(n) = 6*n**2 - n + 33. Let p be y(-9). Suppose 0*t + 3*z = 3*t - p, 161 = t - 4*z. What is the hundreds digit of t?
1
Let r = -105 - -110. Suppose w + 4*c = 136 - 8, 155 = w - r*c. What is the hundreds digit of w?
1
Let q(o) = 4*o**2 - 7. Suppose v = -2*t - 4, -5*t + 7 - 31 = -v. What is the tens digit of q(v)?
5
Suppose 2*x - 6*x = -12. Let o = -29 + 49. What is the units digit of (4 - o)*x/(-6)?
8
Suppose -2*a = 7*h - 11*h + 2370, 0 = -4*a + 20. What is the tens digit of h?
9
Suppose -4*v = -7*v - 3, 3 = -2*s + 3*v. Let n = 2 - s. Suppose 0 = 5*l + 10, -3*a = -n*l - 23 - 2. What is the units digit of a?
5
Suppose -2*s = 3*s. Suppose 228 = 3*n + 2*y, s*n + 5*y + 207 = 3*n. What is the tens digit of n?
7
Suppose -26 = -0*n - 2*n. Suppose -3*h = 1 - n. Suppose -v + 5*p + 65 = h*v, 2*v - p - 27 = 0. What is the tens digit of v?
1
Let z = -118 + 256. What is the tens digit of 21*(z/21 + -4)?
5
Let f(p) = -p**3 + 21*p**2 - 23*p - 17. What is the tens digit of f(17)?
4
Let w = 233 - -216. What is the tens digit of w?
4
Let r be 1/(-2)*(0 - -6). Let z = -3 - r. Suppose z = y - 3 - 0. What is the units digit of y?
3
What is the units digit of 2540 - 28*(-9)/36?
7
Let k(w) = w**3 - 7*w**2 - w + 3. Let z(m) = 3*m**3 - 13*m**2 - m + 6. Let i(r) = -5*k(r) + 2*z(r). Let d be i(-9). What is the units digit of d/(12/(-32)*2)?
0
Let j(l) = 40*l + 22. Let b be j(-2). Let z = 63 - b. What is the units digit of z?
1
Let y be (-150)/(-12) + 3/(-2). Let z = 13 - y. Suppose -5*s = -z*f + 29, -2*s - 10 = -2*f + 10. What is the units digit of f?
7
Suppose -301 = -6*u - 25. What is the units digit of u?
6
Let n(k) = 27*k + 4. Let s be 4/(-8) - (-129)/6. Let o = 23 - s. What is the units digit of n(o)?
8
Let l(y) = -4*y**3 + 8*y**2 + 2*y - 6 + 3*y**3 - 8*y. Let t(p) = 2*p + 2. Let v be t(2). What is the units digit of l(v)?
0
Let n(f) = f**3 - 15*f**2 - 26*f + 30. What is the units digit of n(19)?
0
Let w be (-159)/(-2)*(8 - 6). Let j = 111 + -214. Let m = j + w. What is the tens digit of m?
5
Let o(g) = 59*g**2 + 17*g + 29. What is the hundreds digit of o(-2)?
2
Suppose 10 = n + 4. Suppose -h + 5*v = -119, 2*h + 5*v + 416 = n*h. Let p = -66 + h. What is the units digit of p?
3
Suppose 0 = -81*o + 392289 - 50226. What is the thousands digit of o?
4
Suppose -20 = -5*x + 5*q - 6*q, -20 = 4*q. Suppose -x*p - 3*p = -56. What is the units digit of p?
7
Let m be 1/(-3) + 4/3. What is the tens digit of (m - 27/6)*(-26 + 0)?
9
Suppose 4*v - 25 = 5*m, v = -0*v + 3*m + 8. Let g be 15/(-20) + 69/12. Suppose g*p - 140 = -v*l, 4*l - 7 + 27 = 0. What is the tens digit of p?
3
Let a = 649 - 250. What is the tens digit of a?
9
Let i be (88/(-24))/((-2)/6). Let w be (-14)/84 - i/6. What is the units digit of (w + (-15)/(-5))*32?
2
What is the units digit of (-18)/24*-11*120/9?
0
Let l(n) = n**2 + 7*n + 3. Let q be l(-8). Suppose 2*p + 1 = q. Suppose -p - 15 = -5*c + 5*f, 20 = 5*c + 4*f. What is the units digit of c?
4
Suppose r + 646 - 3187 = 4*j, 2*r - j = 5110. What is the units digit of r?
7
Suppose -355 = 5*q + 5*s, 2*q - 147 = 4*q - 3*s. Let h be q/(-5) - 3/(-5). Suppose t - 25 = -4*b - 5, 3*t - h = 3*b. What is the units digit of t?
8
What is the units digit of (-389151)/(-180) + 3/60?
2
Suppose -26158 = -57*r - r. What is the hundreds digit of r?
4
Let p(f) = -f**3 - 34*f**2 + 23*f + 43. What is the units digit of p(-35)?
3
Let k = -1181 + 4240. What is the tens digit of k?
5
Suppose 0 = -t + 3*t. What is the tens digit of 4 + t + 27 - 3?
2
Suppose -3*l + 188 = v + 2*l, 0 = 4*l - 12. What is the units digit of v?
3
Let j(q) = q**2 - 5*q + 11. Let p(c) = 4*c**2 - 15*c + 34. Let y(r) = -7*j(r) + 2*p(r). Let l be (4/(-3))/((-5)/(-30)). What is the tens digit of y(l)?
1
Let z = -12 + 12. Let g(d) = -6 + 6*d + z*d - d. What is the units digit of g(7)?
9
Suppose -n - 24 - 22 = 0. Let c(o) = -2*o**2 + 27*o + 8. Let z be c(10). Let a = n + z. What is the units digit of a?
2
What is the hundreds digit of ((-27)/((-81)/84))/((-4)/(-302))?
1
Let c(v) = -27*v**3 + v + 1. Let a = -30 + 29. What is the tens digit of c(a)?
2
Suppose -4*s - 2*r + r + 15597 = 0, -3*s + 11688 = 4*r. What is the thousands digit of s?
3
Let n = -513 + 791. Suppose -l + 4*l - n = -5*t, 2*l + 53 = t. What is the units digit of t?
5
Let p be (1 - 4)/(3/(-3)). Suppose -p*h = x + 4*x - 425, 5*h = 0. What is the units digit of x?
5
What is the hundreds digit of 275 + 24/(6/(-1))?
2
Let y be (-6)/(-9)*(-9)/2. Let i be (18/(-3))/y + -2. Suppose -7*s + 2*s + 115 = i. What is the tens digit of s?
2
Let o = -101 - -71. Let n = o + 35. Suppose 0 = n*d - 131 - 174. What is the units digit of d?
1
Let f(v) = -9*v + 7. Let y(i) = -194 - 3*i + 198 - i. Let c(p) = 4*f(p) - 7*y(p). What is the tens digit of c(-3)?
2
Let v = 4 - 3. Let x = 2 - v. Let r(u) = u + 1. What is the units digit of r(x)?
2
Let s(t) = t**2 - 12*t - 9. Let q be s(13). Suppose -11 = -3*m + 4*y, q*m + 15 = 2*y + 43. What is the units digit of m?
9
Let y = 123 - 123. What is the units digit of ((-1)/(-2) - y)/(22/8404)?
1
Let h = 131 + -129. Suppose 2*q = h*r + 250, 5*r + 112 + 1 = q. What is the units digit of q?
8
Let v(i) = 20*i - 24. What is the units digit of v(5)?
6
Suppose -207 = -w + 5*b, -3*w - 6*b + 570 = -4*b. What is the tens digit of w?
9
Suppose -5*g + 3*g - k = 18, -2*g + k - 14 = 0. Let n be g/(-3) + 8/6. Suppose -2 = -r + n. What is the units digit of r?
6
Let c = -334 + 668. Let y = c - 164. Suppose -7*l = -2*l - y. What is the units digit of l?
4
Let q be ((-51)/(-34))/(2/4). Suppose -s + q*u + 17 = 0, -5*u = 3*s + 2*s + 15. Suppose -n + 101 = 3*x, -s*x - n + 62 = n. What is the tens digit of x?
3
Let p(r) = 5*r**2 + 8*r - 65. What is the units digit of p(-17)?
4
Let p = 35 + -24. Let j = p - -13. Let f = j - 7. What is the tens digit of f?
1
Suppose 3*n = 5*n - 60. What is the units digit of n?
0
Suppose 0 = -t - 2 + 97. Suppose s - b = t, 3*s - 2*s - 4*b = 95. What is the units digit of s?
5
Let i = -374 + 1089. What is the hundreds digit of i?
7
Let z(j) = 3*j**2 - 2*j + 1. Let d be z(1). Suppose 5*y + 2*v = -d*v + 926, -2*v = -2*y + 356. What is the units digit of 28/y - 100/(-26)?
4
Let f(z) = -6*z**2 + 9*z - 32. Let i(j) = -5*j**2 + 9*j - 31. Let d(g) = 4*f(g) - 5*i(g). What is the units digit of d(16)?
9
Let l be 14/2 - (-3)/(-3) - -2. Let b(d) = -d**3 + 8*d**2 + 6*d - 5. What is the units digit of b(l)?
3
Suppose -6 = 3*x - 15. Suppose 0 = -w - x + 6. Let v = w - -1. What is the units digit of v?
4
Let b be (-11 - 42) + 1 + -4 + 0. What is the hundreds digit of ((-145)/(-10))/((-4)/b)?
2
Suppose 0 = -5*j - 5*q + 335, -67*j - 4*q = -70*j + 187. What is the units digit of j?
5
Let h(q) = -2*q**3 + 23*q**2 + 13*q - 6. Let a be h(12). Suppose -245 = -a*d + 193. What is the units digit of d?
3
Let j(f) be the first derivative of -9*f**2/2 + 9*f + 13. What is the units digit of j(-6)?
3
Let k be 223/4 - 5/(-20). Let r(f) = -f**3 + 18*f**2 - 35*f + 20. Let v be r(16). Let s = v + k. What is the tens digit of s?
2
Let u(b) = 2*b**2 + 55*b + 12. What is the hundreds digit of u(16)?
4
Suppose 5*l = 4*u + 4895, 7*u - 5 = 8*u. What is the hundreds digit of l?
9
Suppose 8*h - 80 = 160. Let o = -28 + h. What is the units digit of o?
2
Let s(q) = 7*q + 36. Let z be s(-17). Let d = 130 + z. What is the units digit of d?
7
Let r(q) = 3*q**2 - q + 1. Let t be r(-1). Let u(w) = w**2 + 5*w - 17. What is the units digit of u(t)?
3
What is the hundreds digit of 961/((-1)/4 + 155/124)?
9
Suppose 209*q + 39 = 206*q. Let t = -4 - -1. Let h = t - q. What is the units digit of h?
0
Suppose 8*i + i = 36. Suppose -4*c + i*q = -224, -4*c - 2*q - 1 = -207. What is the units digit of c?
3
Let j(u) = -u - 7. Let a be j(-11). Suppose -569 + 61 = -a*q. What is the hundreds digit of q?
1
What is the hundreds digit of 5307/12 